
What is the greatest common factor of 6 and 279438?
6
What is the greatest common divisor of 3528 and 1071?
63
What is the greatest common factor of 9 and 1179?
9
What is the greatest common divisor of 406273 and 1778?
889
Calculate the greatest common divisor of 19168304 and 232.
232
Calculate the greatest common divisor of 6 and 1872726.
6
Calculate the highest common divisor of 513 and 17898.
57
Calculate the greatest common factor of 5756 and 6.
2
What is the highest common divisor of 328972 and 2604?
868
Calculate the greatest common factor of 12 and 389316.
12
What is the greatest common factor of 120287 and 1739?
37
What is the highest common divisor of 1515 and 1342290?
1515
Calculate the highest common divisor of 1128 and 60.
12
What is the highest common divisor of 24467 and 10811?
569
What is the greatest common divisor of 3883 and 1078?
11
Calculate the greatest common factor of 297 and 34641.
27
What is the highest common divisor of 231985 and 415?
415
What is the greatest common factor of 21274 and 22?
22
What is the greatest common factor of 6 and 1284486?
6
Calculate the highest common divisor of 339165 and 120.
15
What is the highest common factor of 8798 and 3818?
166
What is the highest common factor of 878819 and 310?
31
Calculate the greatest common factor of 4815 and 225.
45
Calculate the highest common divisor of 880 and 990.
110
What is the highest common divisor of 517 and 14102?
11
What is the highest common divisor of 160 and 317728?
32
Calculate the highest common divisor of 107310 and 79380.
1470
Calculate the greatest common factor of 2085 and 45.
15
Calculate the highest common divisor of 2773152 and 96.
96
What is the greatest common divisor of 419 and 82543?
419
Calculate the highest common factor of 799396 and 156.
52
Calculate the greatest common factor of 25 and 1692200.
25
What is the greatest common divisor of 27243 and 18?
9
Calculate the greatest common factor of 396564 and 1.
1
Calculate the greatest common factor of 136908 and 36.
36
What is the greatest common factor of 1064 and 47576?
152
Calculate the greatest common divisor of 71024 and 6256.
368
Calculate the greatest common divisor of 228 and 26106.
114
Calculate the highest common factor of 9591 and 69.
69
Calculate the greatest common factor of 6358 and 154.
22
What is the greatest common divisor of 4543 and 56749?
77
What is the greatest common factor of 2123 and 38986?
193
What is the highest common divisor of 75 and 48435?
15
What is the highest common factor of 68168 and 88?
8
Calculate the highest common factor of 1044 and 33524.
116
Calculate the highest common factor of 2990 and 382915.
65
What is the greatest common factor of 63457 and 92?
23
What is the highest common factor of 838 and 162991?
419
What is the greatest common factor of 70 and 40895?
5
What is the greatest common factor of 396 and 38511?
99
Calculate the greatest common divisor of 42151 and 46297.
691
Calculate the highest common divisor of 185 and 3176191.
37
What is the highest common factor of 157 and 2046338?
157
What is the greatest common factor of 484901 and 1616?
101
What is the greatest common divisor of 6372 and 15579?
27
Calculate the greatest common factor of 3877660 and 20.
20
What is the greatest common divisor of 180 and 79992?
36
Calculate the highest common factor of 58597 and 1155.
77
Calculate the greatest common divisor of 6 and 12657.
3
What is the greatest common factor of 15 and 33928665?
15
Calculate the highest common factor of 592118 and 383.
383
Calculate the highest common divisor of 21672 and 5733.
63
Calculate the highest common divisor of 498 and 60590.
166
What is the greatest common divisor of 113930 and 270?
10
Calculate the highest common factor of 4528 and 67664.
16
What is the highest common divisor of 8 and 25358?
2
What is the greatest common factor of 377452 and 5516?
788
Calculate the highest common divisor of 929 and 2239819.
929
What is the highest common factor of 354 and 285855?
177
Calculate the greatest common factor of 8583 and 30.
3
Calculate the greatest common factor of 618 and 125248.
206
What is the highest common factor of 56 and 23304?
8
What is the highest common factor of 460 and 540?
20
What is the greatest common factor of 4860 and 1000?
20
Calculate the highest common divisor of 344 and 1928.
8
Calculate the greatest common divisor of 160 and 86208.
32
What is the highest common factor of 13014 and 1368?
18
Calculate the greatest common divisor of 6594 and 6751.
157
What is the greatest common divisor of 752056 and 40?
8
Calculate the highest common factor of 4401 and 243.
27
What is the highest common factor of 1232 and 611457?
77
Calculate the highest common factor of 357 and 119.
119
Calculate the highest common divisor of 1824208 and 16.
16
What is the highest common factor of 142 and 194114?
142
Calculate the greatest common divisor of 246 and 1766280.
246
Calculate the highest common divisor of 1501 and 104833.
79
What is the highest common divisor of 16 and 42608?
16
What is the greatest common factor of 25 and 129335?
5
Calculate the greatest common factor of 273 and 26649.
21
Calculate the greatest common divisor of 2486668 and 184.
92
Calculate the highest common factor of 125214 and 287.
41
What is the greatest common divisor of 3088 and 656?
16
Calculate the greatest common factor of 264 and 194656.
88
Calculate the greatest common divisor of 29700 and 800.
100
Calculate the highest common factor of 2975 and 8245.
85
What is the highest common factor of 3868 and 256?
4
Calculate the greatest common factor of 101801 and 7.
7
What is the highest common factor of 847425 and 225?
75
What is the highest common factor of 516 and 426?
6
Calculate the highest common factor of 763 and 14.
7
Calculate the highest common factor of 279 and 2610.
9
What is the greatest common factor of 1769 and 1711?
29
What is the greatest common divisor of 236 and 261134?
118
Calculate the greatest common factor of 45680 and 90.
10
What is the highest common divisor of 65041 and 674?
337
Calculate the highest common factor of 1015 and 22185.
145
Calculate the greatest common factor of 1856 and 25288.
232
What is the greatest common divisor of 76916 and 84?
28
Calculate the greatest common divisor of 4585 and 105.
35
What is the highest common factor of 4148 and 1464?
244
Calculate the greatest common factor of 488 and 123891.
61
Calculate the highest common factor of 3681 and 3373023.
1227
Calculate the highest common factor of 40495 and 51709.
623
What is the highest common divisor of 11 and 115995?
11
Calculate the greatest common divisor of 12716 and 1034.
22
Calculate the greatest common divisor of 138467 and 917.
917
What is the greatest common divisor of 3982 and 4525?
181
What is the greatest common factor of 3681 and 39673?
409
What is the greatest common divisor of 1411483 and 226?
113
What is the greatest common factor of 1680 and 88725?
105
Calculate the greatest common factor of 100 and 133700.
100
Calculate the greatest common divisor of 681872 and 8208.
304
Calculate the highest common divisor of 1827 and 678.
3
Calculate the greatest common divisor of 135381 and 6.
3
Calculate the highest common divisor of 175 and 7045.
5
Calculate the greatest common factor of 2216 and 841249.
277
Calculate the greatest common factor of 91 and 171346.
7
Calculate the highest common factor of 3724 and 4116.
196
Calculate the greatest common divisor of 43494 and 353224.
1318
What is the highest common divisor of 308 and 36421?
77
Calculate the highest common factor of 4269 and 51.
3
What is the highest common divisor of 86110 and 150890?
790
Calculate the highest common divisor of 16819 and 462.
11
What is the highest common factor of 30186 and 6?
6
Calculate the highest common factor of 64269 and 2511.
9
Calculate the greatest common factor of 129499 and 1.
1
What is the highest common divisor of 200 and 436525?
25
What is the highest common divisor of 336 and 107016?
168
What is the highest common divisor of 535 and 80?
5
What is the highest common factor of 1 and 1670?
1
What is the highest common divisor of 6 and 641574?
6
What is the highest common divisor of 35 and 49945?
35
What is the greatest common factor of 684 an